{"id":64,"date":"2021-05-08T22:49:32","date_gmt":"2021-05-08T22:49:32","guid":{"rendered":"http:\/\/10.70.0.45\/?page_id=64"},"modified":"2023-04-03T12:55:31","modified_gmt":"2023-04-03T10:55:31","slug":"que-es-este-sitio","status":"publish","type":"page","link":"https:\/\/mosquitos.ebd.csic.es\/","title":{"rendered":"\u00bfQu\u00e9 contiene este sitio web?"},"content":{"rendered":"\n<p class=\"has-black-color has-text-color has-medium-font-size\">Los mosquitos son una importante fuente de molestias debido a sus picaduras, que adem\u00e1s pueden transmitir un importante n\u00famero de enfermedades para el ser humano o el ganado. Hasta mediados del siglo pasado la malaria circulaba de manera end\u00e9mica en Espa\u00f1a y en los a\u00f1os m\u00e1s recientes se han producido brotes del virus West Nile en distintas \u00e1reas de Europa.<\/p>\n\n\n\n<p class=\"has-black-color has-text-color has-medium-font-size\">El Observatorio de Mosquitos del Guadalquivir pretende mostrar la evoluci\u00f3n temporal (semanal\/mensual) de las capturas de mosquitos potencialmente transmisores del&nbsp;<strong>virus<\/strong>&nbsp;causante de&nbsp;<strong>la<\/strong>&nbsp;<strong>Fiebre<\/strong>&nbsp;<strong>del<\/strong>&nbsp;<strong>Nilo<\/strong>&nbsp;<strong>Occidental<\/strong>&nbsp;en las poblaciones cercanas al Guadalquivir. Es por tanto un sitio web en permanente actualizaci\u00f3n donde se prioriza la calidad y rigor de la informaci\u00f3n frente a la est\u00e9tica y donde peri\u00f3dicamente se podr\u00e1 seguir la evoluci\u00f3n de las poblaciones de mosquitos agrupando las especies en funci\u00f3n de su capacidad de transmitir el&nbsp;<a href=\"https:\/\/mosquitos.ebd.csic.es\/?page_id=495\"><strong>virus<\/strong>&nbsp;<strong>West<\/strong>&nbsp;<strong>Nile<\/strong><\/a>.<\/p>\n\n\n\n<p class=\"has-black-color has-text-color has-medium-font-size\">Desde el a\u00f1o 2021 esta p\u00e1gina viene ofreciendo informaci\u00f3n actualizada sobre la abundancia de mosquitos en distintas poblaciones de la provincia de Sevilla. La Estaci\u00f3n Biol\u00f3gica de Do\u00f1ana (EBD) contribuye al conocimiento de las distintas especies de mosquitos transmisoras de enfermedad y al estudio de los virus presentes en Andaluc\u00eda Ocidental. <\/p>\n\n\n\n<p class=\"has-black-color has-text-color has-medium-font-size\">Durante el 2021 y el 2022 estas actividades fueron financiadas a trav\u00e9s del proyecto de investigaci\u00f3n integrado en la&nbsp;<em>Plataforma Tem\u00e1tica de Investigaci\u00f3n en Salud Global del Consejo Superior de Investigaciones Cientif\u00edcas (CSIC)<\/em>. Durante 2023 y 2024 los muestreos de campo ser\u00e1n financiados por el proyecto ARBOPREVENT (HR22-00123) \u201cMoving from reactive to proactive strategies for the prevention of the next West Nile virus outbreak in Andaluc\u00eda\u201c financiado por la <a href=\"https:\/\/fundacionlacaixa.org\/es\/caixaresearch\" target=\"_blank\" rel=\"noreferrer noopener\">Fundaci\u00f3n \u201cLa Caixa\u201d<\/a>. <\/p>\n\n\n\n<p class=\"has-black-color has-text-color has-medium-font-size\">A trav\u00e9s de esta plataforma de informaci\u00f3n ciudadana y con informaci\u00f3n cient\u00edfica rigurosa, contrastada y fundamental en los estudios de riesgo epidemiol\u00f3gico, el CSIC quiere contribuir con sus conocimientos, a la salud y al bienestar de la sociedad. Este proyecto est\u00e1 liderado por el equipo del Dr. Jordi Figuerola de la Estaci\u00f3n Biol\u00f3gica de Do\u00f1ana y <a href=\"https:\/\/www.ciberesp.es\/grupos\/grupo-de-investigacion?id=21760\" target=\"_blank\" rel=\"noreferrer noopener\">CIBERESP<\/a><\/p>\n\n\n\n<p class=\"has-black-color has-text-color has-medium-font-size\"><strong>\u00bfQu\u00e9 podemos encontrar en esta web? <\/strong><\/p>\n\n\n\n<p class=\"has-black-color has-text-color\" style=\"font-size:25px\">1.- Un breve resumen de la naturaleza del <a href=\"https:\/\/mosquitos.ebd.csic.es\/?page_id=495\">virus West Nile<\/a> (virus del Nilo Occidental) as\u00ed como el papel de las aves y los mosquitos en el ciclo biol\u00f3gico.<\/p>\n\n\n\n<p class=\"has-black-color has-text-color\" style=\"font-size:25px\">2.- Un <a href=\"https:\/\/mosquitos.ebd.csic.es\/?page_id=2\">mapa<\/a> con las localidades donde estamos muestreando mosquitos en los t\u00e9rminos municipales de Palomares del R\u00edo, Coria del R\u00edo y Puebla del R\u00edo.<\/p>\n\n\n\n<p class=\"has-black-color has-text-color\" style=\"font-size:25px\">3.- Una serie de <a href=\"https:\/\/mosquitos.ebd.csic.es\/?page_id=2\">gr\u00e1ficas<\/a> que describen la evoluci\u00f3n semanal o mensual de las capturas de mosquitos clasificados en funci\u00f3n de su capacidad para transmitir el virus del Nilo Occidental.<\/p>\n\n\n\n<p class=\"has-black-color has-text-color\" style=\"font-size:25px\">4.- Informaci\u00f3n e im\u00e1genes de algunas de las <a href=\"https:\/\/mosquitos.ebd.csic.es\/?page_id=275\">especies<\/a> capturadas.<\/p>\n\n\n\n<p class=\"has-black-color has-text-color\" style=\"font-size:25px\">5.- Informaci\u00f3n actualizada sobre los objetivos y resultados del proyecto <strong><a href=\"https:\/\/mosquitos.ebd.csic.es\/?page_id=1041\">ARBOPREVENT<\/a><\/strong>.<\/p>\n\n\n<div class=\"wp-block-image\">\n<figure class=\"aligncenter size-large is-resized\"><img loading=\"lazy\" decoding=\"async\" src=\"https:\/\/mosquitos.ebd.csic.es\/wp-content\/uploads\/2021\/05\/EBD-CSIC1.png\" alt=\"\" class=\"wp-image-145\" width=\"126\" height=\"99\" srcset=\"https:\/\/mosquitos.ebd.csic.es\/wp-content\/uploads\/2021\/05\/EBD-CSIC1.png 505w, https:\/\/mosquitos.ebd.csic.es\/wp-content\/uploads\/2021\/05\/EBD-CSIC1-300x235.png 300w, https:\/\/mosquitos.ebd.csic.es\/wp-content\/uploads\/2021\/05\/EBD-CSIC1-383x300.png 383w\" sizes=\"auto, (max-width: 126px) 100vw, 126px\" \/><\/figure>\n<\/div>\n\n\n<p class=\"has-luminous-vivid-orange-color has-text-color has-medium-font-size\">Aviso:<\/p>\n\n\n\n<p class=\"has-medium-font-size\">Esta web est\u00e1 en construcci\u00f3n y en continua actualizaci\u00f3n. Los datos de las gr\u00e1ficas de capturas se actualizan semanalmente. El elevado n\u00famero de capturas en algunas semanas nos est\u00e1 retrasando la determinaci\u00f3n de las especies y en consecuencia los datos de la web.<\/p>\n","protected":false},"excerpt":{"rendered":"<p>Los mosquitos son una importante fuente de molestias debido a sus picaduras, que adem\u00e1s pueden transmitir un importante n\u00famero de enfermedades para el ser humano o el ganado. Hasta mediados del siglo pasado la malaria circulaba de manera end\u00e9mica en Espa\u00f1a y en los a\u00f1os m\u00e1s recientes se han producido brotes del virus West Nile<\/p>\n<div><a class=\"btn-filled btn\" href=\"https:\/\/mosquitos.ebd.csic.es\/\" title=\"\u00bfQu\u00e9 contiene este sitio web?\">Leer m\u00e1s<\/a><\/div>\n","protected":false},"author":1,"featured_media":0,"parent":0,"menu_order":0,"comment_status":"closed","ping_status":"closed","template":"","meta":{"footnotes":""},"class_list":["post-64","page","type-page","status-publish","hentry"],"yoast_head":"<!-- This site is optimized with the Yoast SEO plugin v25.2 - https:\/\/yoast.com\/wordpress\/plugins\/seo\/ -->\n<title>\u00bfQu\u00e9 contiene este sitio web? - Observatorio de mosquitos del Guadalquivir<\/title>\n<meta name=\"robots\" content=\"index, follow, max-snippet:-1, max-image-preview:large, max-video-preview:-1\" \/>\n<link rel=\"canonical\" href=\"https:\/\/mosquitos.ebd.csic.es\/\" \/>\n<meta property=\"og:locale\" content=\"es_ES\" \/>\n<meta property=\"og:type\" content=\"article\" \/>\n<meta property=\"og:title\" content=\"\u00bfQu\u00e9 contiene este sitio web? - Observatorio de mosquitos del Guadalquivir\" \/>\n<meta property=\"og:description\" content=\"Los mosquitos son una importante fuente de molestias debido a sus picaduras, que adem\u00e1s pueden transmitir un importante n\u00famero de enfermedades para el ser humano o el ganado. Hasta mediados del siglo pasado la malaria circulaba de manera end\u00e9mica en Espa\u00f1a y en los a\u00f1os m\u00e1s recientes se han producido brotes del virus West NileLeer m\u00e1s\" \/>\n<meta property=\"og:url\" content=\"https:\/\/mosquitos.ebd.csic.es\/\" \/>\n<meta property=\"og:site_name\" content=\"Observatorio de mosquitos del Guadalquivir\" \/>\n<meta property=\"article:modified_time\" content=\"2023-04-03T10:55:31+00:00\" \/>\n<meta property=\"og:image\" content=\"https:\/\/mosquitos.ebd.csic.es\/wp-content\/uploads\/2021\/05\/EBD-CSIC1.png\" \/>\n<meta name=\"twitter:card\" content=\"summary_large_image\" \/>\n<meta name=\"twitter:label1\" content=\"Tiempo de lectura\" \/>\n\t<meta name=\"twitter:data1\" content=\"3 minutos\" \/>\n<script type=\"application\/ld+json\" class=\"yoast-schema-graph\">{\"@context\":\"https:\/\/schema.org\",\"@graph\":[{\"@type\":\"WebPage\",\"@id\":\"https:\/\/mosquitos.ebd.csic.es\/\",\"url\":\"https:\/\/mosquitos.ebd.csic.es\/\",\"name\":\"\u00bfQu\u00e9 contiene este sitio web? - Observatorio de mosquitos del Guadalquivir\",\"isPartOf\":{\"@id\":\"https:\/\/mosquitos.ebd.csic.es\/#website\"},\"primaryImageOfPage\":{\"@id\":\"https:\/\/mosquitos.ebd.csic.es\/#primaryimage\"},\"image\":{\"@id\":\"https:\/\/mosquitos.ebd.csic.es\/#primaryimage\"},\"thumbnailUrl\":\"https:\/\/mosquitos.ebd.csic.es\/wp-content\/uploads\/2021\/05\/EBD-CSIC1.png\",\"datePublished\":\"2021-05-08T22:49:32+00:00\",\"dateModified\":\"2023-04-03T10:55:31+00:00\",\"breadcrumb\":{\"@id\":\"https:\/\/mosquitos.ebd.csic.es\/#breadcrumb\"},\"inLanguage\":\"es\",\"potentialAction\":[{\"@type\":\"ReadAction\",\"target\":[\"https:\/\/mosquitos.ebd.csic.es\/\"]}]},{\"@type\":\"ImageObject\",\"inLanguage\":\"es\",\"@id\":\"https:\/\/mosquitos.ebd.csic.es\/#primaryimage\",\"url\":\"https:\/\/mosquitos.ebd.csic.es\/wp-content\/uploads\/2021\/05\/EBD-CSIC1.png\",\"contentUrl\":\"https:\/\/mosquitos.ebd.csic.es\/wp-content\/uploads\/2021\/05\/EBD-CSIC1.png\",\"width\":505,\"height\":396},{\"@type\":\"BreadcrumbList\",\"@id\":\"https:\/\/mosquitos.ebd.csic.es\/#breadcrumb\",\"itemListElement\":[{\"@type\":\"ListItem\",\"position\":1,\"name\":\"Portada\",\"item\":\"https:\/\/mosquitos.ebd.csic.es\/\"},{\"@type\":\"ListItem\",\"position\":2,\"name\":\"\u00bfQu\u00e9 contiene este sitio web?\"}]},{\"@type\":\"WebSite\",\"@id\":\"https:\/\/mosquitos.ebd.csic.es\/#website\",\"url\":\"https:\/\/mosquitos.ebd.csic.es\/\",\"name\":\"Observatorio de mosquitos del Guadalquivir\",\"description\":\"\",\"potentialAction\":[{\"@type\":\"SearchAction\",\"target\":{\"@type\":\"EntryPoint\",\"urlTemplate\":\"https:\/\/mosquitos.ebd.csic.es\/?s={search_term_string}\"},\"query-input\":{\"@type\":\"PropertyValueSpecification\",\"valueRequired\":true,\"valueName\":\"search_term_string\"}}],\"inLanguage\":\"es\"}]}<\/script>\n<!-- \/ Yoast SEO plugin. -->","yoast_head_json":{"title":"\u00bfQu\u00e9 contiene este sitio web? - Observatorio de mosquitos del Guadalquivir","robots":{"index":"index","follow":"follow","max-snippet":"max-snippet:-1","max-image-preview":"max-image-preview:large","max-video-preview":"max-video-preview:-1"},"canonical":"https:\/\/mosquitos.ebd.csic.es\/","og_locale":"es_ES","og_type":"article","og_title":"\u00bfQu\u00e9 contiene este sitio web? - Observatorio de mosquitos del Guadalquivir","og_description":"Los mosquitos son una importante fuente de molestias debido a sus picaduras, que adem\u00e1s pueden transmitir un importante n\u00famero de enfermedades para el ser humano o el ganado. Hasta mediados del siglo pasado la malaria circulaba de manera end\u00e9mica en Espa\u00f1a y en los a\u00f1os m\u00e1s recientes se han producido brotes del virus West NileLeer m\u00e1s","og_url":"https:\/\/mosquitos.ebd.csic.es\/","og_site_name":"Observatorio de mosquitos del Guadalquivir","article_modified_time":"2023-04-03T10:55:31+00:00","og_image":[{"url":"https:\/\/mosquitos.ebd.csic.es\/wp-content\/uploads\/2021\/05\/EBD-CSIC1.png","type":"","width":"","height":""}],"twitter_card":"summary_large_image","twitter_misc":{"Tiempo de lectura":"3 minutos"},"schema":{"@context":"https:\/\/schema.org","@graph":[{"@type":"WebPage","@id":"https:\/\/mosquitos.ebd.csic.es\/","url":"https:\/\/mosquitos.ebd.csic.es\/","name":"\u00bfQu\u00e9 contiene este sitio web? - Observatorio de mosquitos del Guadalquivir","isPartOf":{"@id":"https:\/\/mosquitos.ebd.csic.es\/#website"},"primaryImageOfPage":{"@id":"https:\/\/mosquitos.ebd.csic.es\/#primaryimage"},"image":{"@id":"https:\/\/mosquitos.ebd.csic.es\/#primaryimage"},"thumbnailUrl":"https:\/\/mosquitos.ebd.csic.es\/wp-content\/uploads\/2021\/05\/EBD-CSIC1.png","datePublished":"2021-05-08T22:49:32+00:00","dateModified":"2023-04-03T10:55:31+00:00","breadcrumb":{"@id":"https:\/\/mosquitos.ebd.csic.es\/#breadcrumb"},"inLanguage":"es","potentialAction":[{"@type":"ReadAction","target":["https:\/\/mosquitos.ebd.csic.es\/"]}]},{"@type":"ImageObject","inLanguage":"es","@id":"https:\/\/mosquitos.ebd.csic.es\/#primaryimage","url":"https:\/\/mosquitos.ebd.csic.es\/wp-content\/uploads\/2021\/05\/EBD-CSIC1.png","contentUrl":"https:\/\/mosquitos.ebd.csic.es\/wp-content\/uploads\/2021\/05\/EBD-CSIC1.png","width":505,"height":396},{"@type":"BreadcrumbList","@id":"https:\/\/mosquitos.ebd.csic.es\/#breadcrumb","itemListElement":[{"@type":"ListItem","position":1,"name":"Portada","item":"https:\/\/mosquitos.ebd.csic.es\/"},{"@type":"ListItem","position":2,"name":"\u00bfQu\u00e9 contiene este sitio web?"}]},{"@type":"WebSite","@id":"https:\/\/mosquitos.ebd.csic.es\/#website","url":"https:\/\/mosquitos.ebd.csic.es\/","name":"Observatorio de mosquitos del Guadalquivir","description":"","potentialAction":[{"@type":"SearchAction","target":{"@type":"EntryPoint","urlTemplate":"https:\/\/mosquitos.ebd.csic.es\/?s={search_term_string}"},"query-input":{"@type":"PropertyValueSpecification","valueRequired":true,"valueName":"search_term_string"}}],"inLanguage":"es"}]}},"guten_post_layout_featured_media_urls":{"full":false,"thumbnail":false,"medium":false,"medium_large":false,"large":false,"1536x1536":false,"2048x2048":false,"guten_post_layout_landscape_large":false,"guten_post_layout_portrait_large":false,"guten_post_layout_square_large":false,"guten_post_layout_landscape":false,"guten_post_layout_portrait":false,"guten_post_layout_square":false,"shapely-full":false,"shapely-featured":false,"shapely-grid":false},"_links":{"self":[{"href":"https:\/\/mosquitos.ebd.csic.es\/index.php?rest_route=\/wp\/v2\/pages\/64","targetHints":{"allow":["GET"]}}],"collection":[{"href":"https:\/\/mosquitos.ebd.csic.es\/index.php?rest_route=\/wp\/v2\/pages"}],"about":[{"href":"https:\/\/mosquitos.ebd.csic.es\/index.php?rest_route=\/wp\/v2\/types\/page"}],"author":[{"embeddable":true,"href":"https:\/\/mosquitos.ebd.csic.es\/index.php?rest_route=\/wp\/v2\/users\/1"}],"replies":[{"embeddable":true,"href":"https:\/\/mosquitos.ebd.csic.es\/index.php?rest_route=%2Fwp%2Fv2%2Fcomments&post=64"}],"version-history":[{"count":0,"href":"https:\/\/mosquitos.ebd.csic.es\/index.php?rest_route=\/wp\/v2\/pages\/64\/revisions"}],"wp:attachment":[{"href":"https:\/\/mosquitos.ebd.csic.es\/index.php?rest_route=%2Fwp%2Fv2%2Fmedia&parent=64"}],"curies":[{"name":"wp","href":"https:\/\/api.w.org\/{rel}","templated":true}]}}